+ 5*h + 14. Let m be n(7). Suppose 2*a + i + 1 = m, a - 4 = i + 3*i. Is 0 + 2854 + (8 - a) + -4 a prime number?
False
Suppose -94 = -2*y - 92. Is 400 - (0/(-5) + y*5) prime?
False
Let p = 3667 - 2365. Let m(j) = -2*j**2 - 42*j + 49. Let g be m(-22). Suppose 0 = g*v - p - 683. Is v prime?
True
Let h(n) = -11 + 0*n**3 + 5*n**2 + n**3 - 16*n - 1. Let c be h(-7). Suppose -c*j = 3*w - 3965, -1838 = -j + 5*w + 164. Is j prime?
True
Let z = 379 + 116019. Is z composite?
True
Let g be (-154)/(-42) - 2/(-12)*-4. Suppose 4*z = -4*r - 0*z + 39344, -3*r + g*z + 29538 = 0. Is r a prime number?
False
Suppose -4*b - 3*k - 101965 = -6*b, -5*k = -5*b + 254910. Is b prime?
False
Let z(g) = 971*g**3 + 4*g**2 + 18*g - 9. Let r(y) = -970*y**3 - 4*y**2 - 15*y + 7. Let a(t) = 5*r(t) + 4*z(t). Is a(-2) prime?
True
Let k = -412 + 775. Suppose 0 = m + 5*h - 78, -4*m + k = 4*h - h. Suppose -m + 310 = 7*t. Is t prime?
True
Let y = -59 - -59. Suppose y = p + r + 397 + 21, -4*r = p + 418. Let u = p + 831. Is u a composite number?
True
Let h be 2/(4/8002 - 0). Suppose 0 = 21*w - h - 6226. Is w a composite number?
False
Let c = -273 - -284. Suppose 0 = c*n - 16*n + 2065. Is n prime?
False
Suppose 0 = -2*z + a + 6381, 25*a - 26*a = 2*z - 6371. Suppose -z = -2*s - 2*s. Is s a prime number?
True
Suppose -6 = -c + 3*c. Is (44/12 + -4)/(c/34002) a composite number?
True
Let l(p) = 7383*p**2 - 219*p + 1079. Is l(5) composite?
False
Let o = -6782 + 11342. Let v = 587 + o. Is v a prime number?
True
Suppose 3*r - 22 + 4 = 0. Let i be (-2)/(-3) - (-22580)/r. Let c = i + -1719. Is c composite?
True
Let b be 5/(5*7/35). Suppose h = v - 570 - 298, 880 = v - b*h. Is v a composite number?
True
Let n(u) = -16*u - 25*u**3 + 28*u**2 - 30*u**2 + 17*u - 10 - 7. Is n(-6) composite?
True
Let v be 13/91 - (-100)/(-14). Let q be (v + 1)/(-2) - 187. Let p = 285 - q. Is p a prime number?
False
Let o = -744124 - -1058967. Is o prime?
False
Let r(n) = 14464*n - 27. Let l be r(2). Is (-53 + 52)*l*2/(-2) prime?
True
Suppose -3*d - 4*l - 2 - 6 = 0, 3*d = l + 2. Suppose -3*m = d, -2*m - 27405 = -3*c - 3828. Suppose c = 3*j - 1138. Is j composite?
False
Let g(f) = 17*f**2 + 10*f - 5. Let k be g(-8). Let u = k + 224. Suppose -9*d + 6*d + u = 0. Is d prime?
True
Let d = 1885821 - 1176314. Is d composite?
False
Let n(u) = -8*u**3 + 22*u**2 + 17*u + 7. Let f be (-16 - -24)*(-15)/12. Is n(f) prime?
True
Suppose -54*r = -28939 - 63671. Let z be (-1)/4 + (-2)/(-8). Suppose 5*t - r - 1700 = z. Is t a composite number?
False
Suppose -429*s + 36571055 = 12006955 - 28902599. Is s a prime number?
False
Let b = 1641221 + -922780. Is b a prime number?
False
Let j be (-7)/385*-11 - (-2982)/(-10). Is -3*(-59)/(-6)*j a composite number?
True
Suppose 0*o + 3*o + 11151 = -5*a, -o = 5*a + 11157. Let r = a + -1065. Let k = -1144 - r. Is k composite?
False
Suppose 10*t + 112177 = -3*t. Is 36/162 + t/(-9) prime?
False
Let a = -66704 - -93831. Is a prime?
True
Suppose 15*u - 693463 = -l + 12*u, -u - 5 = 0. Is l a composite number?
True
Is (17 - (-6826096)/96) + 1 + (-1)/6 composite?
True
Let p(z) = 75*z**2 + 2*z + 2. Suppose -397 - 107 = -9*a. Let n be (-68)/14 - 8/a. Is p(n) prime?
True
Let q(j) = 4*j - 4. Let y be q(2). Suppose -y*m - 13615 = -9*m. Suppose -159 + m = 4*s. Is s a prime number?
True
Let i(j) = j**2 - 19*j + 24. Let u be i(18). Suppose u*r = 10*r + 8. Let p(k) = -135*k**3 - k**2 - 2*k + 1. Is p(r) prime?
False
Suppose -2*u = 4*l - 52, 63 - 23 = 4*l - 4*u. Is ((-18)/l)/((-6)/22076) prime?
True
Is (12 - 4) + -11 + -1 + 117375 prime?
True
Let l be (2 - 14/6)*27*-1301. Let m = -4578 + l. Is m a composite number?
True
Let j(z) = -z**2 + 16*z - 43. Let o be j(7). Suppose -83*k + o = -87*k. Let y(x) = -191*x + 18. Is y(k) prime?
False
Let i(x) = -70*x**2 - 8*x + 19. Let m be i(7). Is 1 - (-27)/(-18) - m/2 prime?
True
Let p(o) = -4*o**2 + 3*o - 16. Let m be p(-10). Let j = m + 1288. Is j a prime number?
False
Let k be (16/10)/(6 - 59/10). Let r = k + -11. Suppose 10*h = r*h + 95. Is h composite?
False
Suppose 18 = -3*h - 3*o, -12 - 18 = 4*h + 2*o. Let b(z) be the second derivative of -19*z**3/2 - 13*z**2 + 435*z. Is b(h) a prime number?
True
Let x(r) = -31*r**2 - 58*r**2 + 15 - r**3 + 16 + 66*r**2 + 10*r - 26*r. Is x(-24) a composite number?
False
Is (-3 + 4)*-300065*(-5)/25 composite?
False
Let f = -42348 + 125659. Is f prime?
True
Let d(p) = 199*p**2 - 22*p - 285. Is d(-16) composite?
True
Let s = -32447 + 87773. Is 5/(-45) - (s/(-27) + -2) composite?
True
Suppose 7*x = -10*x + 645167. Suppose -566*n = -567*n + x. Is n composite?
False
Let b(h) = -h**3 + 4*h**2 + 13*h - 4. Let f be b(6). Suppose t = 5*k + 6, -f*k + t = -k - 2. Is 36/(-6) + 1663 + 0/k composite?
False
Let r(l) = 7*l + 94. Let s be r(-13). Suppose 2*c + 4*a - 7*a - 2669 = 0, s*c - 3995 = -4*a. Is c composite?
True
Let l = -11756 - -2382. Let r(b) = 786*b - 18. Let o be r(4). Is 2/(l/o + 3) composite?
True
Let i = 1968 + 339. Suppose r = -3*s + 2307, 3*s - 5*r + 0*r = i. Is s a prime number?
True
Let k = 34461 + -12950. Let t = k + -10638. Is t prime?
False
Let m = 1295 - 312. Let s = 2874 - m. Is s a prime number?
False
Let q(h) = 14*h + 1. Let m = -49 - -51. Suppose 4*g = -m*w + 1 + 39, 2*w = 8. Is q(g) prime?
True
Let n be (-1)/2 + (3 - 35/10). Let l be (n - 2) + 7 + (5 - 143). Let v = l + 217. Is v prime?
True
Let h = 690481 - 398078. Is h a composite number?
True
Let r be (13 + -12)*(-2 - -2). Let w(i) = -i**2 - 3*i + 821. Is w(r) composite?
False
Suppose 0 = -28*f + 1258069 + 2266095. Is f composite?
False
Let p = 116124 + -70423. Is p prime?
False
Suppose -4*q + y - 2*y - 193392 = 0, q + 5*y + 48348 = 0. Let k = 71951 + q. Is k prime?
True
Suppose 2*i - 5*h - 114292 - 56880 = 0, 4*i - 5*h = 342314. Is i a composite number?
False
Let d(v) = -8790*v**3 + 7*v**2 + 152*v + 146. Is d(-1) prime?
False
Let z(b) = 17*b**3 - b**2 - 2*b - 1. Let d be z(-1). Is -2*((-4987868)/(-8))/d a prime number?
True
Suppose -11*g = -17*g + 214584. Is (-1 - (4 + -3))*g/(-8) a composite number?
False
Suppose -4*d - o = -36030, 0*d - 5*o = d - 9017. Suppose 0 = 5*p + 4*y - 6662 - d, 5*y + 20 = 0. Is p composite?
False
Suppose -72*c = -39*c. Suppose c = -5*x + 5, -3*r - 15*x + 20210 = -16*x. Is r a composite number?
False
Suppose 26 = 13*a - 0. Suppose 5*x + 4*g = 67590, -a*x - x + 40541 = 5*g. Is x prime?
False
Let l be 7219 - 0*(-5)/30. Let w = l - 2892. Is w composite?
False
Let d be (2/4)/(10/191200). Suppose -8*l + 1328 = -d. Is l composite?
False
Suppose -13*a + 178001 = -a - 371011. Is a composite?
False
Let l(c) = c**3 + 12*c**2 - 2*c - 21. Let q be l(-7). Suppose -237*s + q*s - 667 = 0. Is s a prime number?
False
Let o = 88 + -88. Let x be (-45)/(-30)*(2 + o). Suppose x*b - 6984 = 5*s, 0 = 5*b + 3*s - 4*s - 11662. Is b composite?
False
Suppose -2*n - 4*u + 3033026 = -3478376, -3*u - 26045627 = -8*n. Is n a prime number?
False
Suppose 8*q + 387289 = 15*q. Is q a prime number?
False
Let b = 16792 + -11299. Is b prime?
False
Let q = -61 + 72. Suppose -q*h + 2798 = -13*h. Is (2/6 + (-52)/39)*h composite?
False
Let w be 5 - ((7 - 4) + -4 + 2). Suppose -3*g = g - w, 5*h + 3 = 3*g. Suppose h = -4*r - 4*r + 2984. Is r prime?
True
Let x(n) = 27*n**2 - n - 23. Suppose 10*b = 11*b + 6. Is x(b) a composite number?
True
Let x(g) = -g**2 + 13*g - 27. Let l be x(10). Is 2237/(1/(4 - l)) a prime number?
True
Suppose -k = -0*k + 2*y, -4*k + 10 = 3*y. Let j(c) = 576*c + 9 + k - 8. Is j(2) composite?
True
Suppose -g = -5*v + 824445 + 688585, 4*g - 1210400 = -4*v. Is v composite?
True
Suppose -2*z = -2, 4*v + 15*z = 18*z + 801289. Is v a prime number?
True
Suppose 2*o - 14 = r, -3*o = 7*r - 2*r - 34. Suppose o = -q + 22. Suppose 17*c - 822 = q*c. Is c a prime number?
False
Is 9013 - (-8 - (-5 + -2)) a prime number?
False
Suppose -8*s + 5*s + i + 12 = 0, -i + 13 = 2*s. Let k(v) = 189*v**3 + v**2 - 11*v + 8. Is k(s) prime?
True
Let n(q) = -q**2 - 17*q - 11. Suppose 0 = 5*u - 4*j + 57 + 11, -2*j - 22 = u. Let i be n(u). Suppose 0 = -r + i*r - 508. Is r a prime number?
True
Suppose -5*m - 3*r = -60, 2*m - 2*r = -7*r + 24. Let y(l) = -l**3 + 16*l**2 - 20*l - 19. Is y(m) a composite number?
False
Let b(k) = -5*k**3 - 29*k**2 + 36*k + 31. Is b(-24) composite?
True
Let t(m) = 2 + 20 + 468*m